e 14?
-4
-a3 (base 13) to base 15
-8d
What is 4 (base 12) in base 11?
4
-3 (base 6) to base 3
-10
What is 615 (base 8) in base 6?
1501
What is 1110011 (base 2) in base 10?
115
What is -26 (base 15) in base 8?
-44
Convert 1 (base 14) to base 3.
1
152 (base 6) to base 9
75
What is -3 (base 7) in base 13?
-3
Convert -4 (base 6) to base 12.
-4
-21 (base 15) to base 7
-43
-6 (base 15) to base 16
-6
10b (base 12) to base 10
155
-c2 (base 15) to base 14
-d0
What is -1 (base 2) in base 5?
-1
Convert 12 (base 9) to base 13.
b
What is -4 (base 6) in base 16?
-4
6 (base 14) to base 8
6
12 (base 6) to base 11
8
111001 (base 2) to base 10
57
What is 100 (base 2) in base 3?
11
1102 (base 3) to base 6
102
What is 21 (base 8) in base 10?
17
Convert 1 (base 3) to base 7.
1
Convert -1 (base 7) to base 10.
-1
What is -130 (base 8) in base 10?
-88
-a (base 12) to base 7
-13
What is 4 (base 9) in base 14?
4
Convert 0 (base 10) to base 2.
0
-5 (base 8) to base 3
-12
What is -2 (base 11) in base 16?
-2
130 (base 4) to base 10
28
71 (base 13) to base 11
84
331 (base 4) to base 2
111101
What is -441 (base 6) in base 12?
-121
What is 5 (base 15) in base 16?
5
-243 (base 5) to base 14
-53
-1 (base 5) to base 9
-1
What is -10 (base 12) in base 9?
-13
What is -5 (base 9) in base 11?
-5
Convert 4 (base 5) to base 2.
100
Convert -2d (base 16) to base 7.
-63
Convert -7 (base 8) to base 5.
-12
2 (base 4) to base 14
2
What is -304 (base 8) in base 15?
-d1
100111 (base 2) to base 14
2b
What is 20 (base 13) in base 12?
22
Convert 12 (base 4) to base 16.
6
Convert -46 (base 12) to base 6.
-130
-3 (base 10) to base 9
-3
Convert -71 (base 12) to base 2.
-1010101
What is -10 (base 4) in base 3?
-11
What is -1032 (base 6) in base 11?
-1a5
-2 (base 6) to base 5
-2
Convert -17 (base 10) to base 3.
-122
Convert -1 (base 2) to base 12.
-1
What is -3 (base 9) in base 7?
-3
Convert -3 (base 16) to base 3.
-10
-76 (base 12) to base 6
-230
Convert 0 (base 7) to base 8.
0
What is -2 (base 16) in base 15?
-2
What is 31 (base 11) in base 10?
34
Convert -1 (base 14) to base 9.
-1
Convert -33 (base 5) to base 13.
-15
Convert -11 (base 2) to base 3.
-10
What is 58 (base 9) in base 5?
203
-13 (base 5) to base 8
-10
What is 12 (base 15) in base 7?
23
Convert 3 (base 14) to base 6.
3
Convert 12 (base 11) to base 7.
16
What is 17 (base 9) in base 5?
31
-2 (base 8) to base 2
-10
-10 (base 7) to base 3
-21
What is 211 (base 5) in base 9?
62
Convert -14 (base 9) to base 10.
-13
Convert 110 (base 5) to base 13.
24
73 (base 9) to base 14
4a
What is -124 (base 5) in base 6?
-103
Convert -62 (base 13) to base 15.
-55
What is 2 (base 16) in base 5?
2
2 (base 11) to base 3
2
Convert -54 (base 11) to base 5.
-214
What is -a7 (base 11) in base 12?
-99
8 (base 13) to base 5
13
What is 143 (base 12) in base 13?
120
Convert -f (base 16) to base 14.
-11
Convert -1 (base 2) to base 13.
-1
What is 20 (base 4) in base 13?
8
What is -1 (base 2) in base 16?
-1
Convert 3 (base 13) to base 5.
3
-23 (base 8) to base 10
-19
Convert 2 (base 13) to base 16.
2
Convert -81 (base 9) to base 11.
-67
2122 (base 3) to base 13
56
18 (base 15) to base 9
25
What is 1110 (base 2) in base 8?
16
-1001 (base 4) to base 9
-72
1 (base 4) to base 10
1
11 (base 2) to base 14
3
What is 3 (base 5) in base 6?
3
What is -4 (base 6) in base 2?
-100
What is -10100 (base 3) in base 15?
-60
What is 1220 (base 4) in base 9?
125
13b (base 12) to base 9
232
Convert 2 (base 13) to base 9.
2
What is 3 (base 7) in base 16?
3
Convert 1000 (base 2) to base 5.
13
Convert -236 (base 7) to base 10.
-125
What is 233 (base 8) in base 13?
bc
What is -1111 (base 2) in base 3?
-120
Convert -6 (base 15) to base 4.
-12
What is a2 (base 11) in base 12?
94
What is 4 (base 7) in base 16?
4
Convert -101 (base 3) to base 10.
-10
-102 (base 10) to base 2
-1100110
13 (base 11) to base 15
e
Convert -110 (base 2) to base 5.
-11
What is -23 (base 6) in base 3?
-120
-10a (base 13) to base 3
-20122
-21 (base 5) to base 2
-1011
-101 (base 3) to base 7
-13
-5 (base 8) to base 13
-5
20 (base 7) to base 6
22
Convert 44 (base 9) to base 4.
220
Convert 302 (base 4) to base 10.
50
What is -1 (base 12) in base 4?
-1
What is 9 (base 11) in base 7?
12
Convert 28 (base 15) to base 9.
42
-7 (base 14) to base 15
-7
What is 54 (base 7) in base 16?
27
-e (base 15) to base 16
-e
What is -7 (base 13) in base 5?
-12
What is -325 (base 8) in base 4?
-3111
a (base 11) to base 15
a
Convert -12 (base 10) to base 11.
-11
What is -89 (base 10) in base 5?
-324
What is -2 (base 8) in base 9?
-2
Convert 0 (base 3) to base 14.
0
35 (base 12) to base 4
221
What is 4 (base 15) in base 16?
4
Convert -100110 (base 2) to base 7.
-53
Convert -99 (base 10) to base 9.
-120
-32 (base 6) to base 16
-14
What is -20 (base 4) in base 14?
-8
What is 146 (base 7) in base 10?
83
-2 (base 3) to base 14
-2
What is 0 (base 13) in base 14?
0
What is 132 (base 4) in base 11?
28
-54 (base 8) to base 14
-32
Convert 40 (base 14) to base 2.
111000
What is -23 (base 11) in base 16?
-19
-31 (base 8) to base 2
-11001
What is 3 (base 13) in base 9?
3
Convert -101 (base 2) to base 16.
-5
Convert -2d (base 14) to base 5.
-131
What is 0 (base 16) in base 15?
0
What is -2 (base 8) in base 11?
-2
What is -9 (base 10) in base 4?
-21
Convert 2124 (base 5) to base 12.
201
-20 (base 4) to base 13
-8
What is 4 (base 16) in base 15?
4
-123 (base 4) to base 7
-36
What is 212 (base 3) in base 9?
25
Convert -64 (base 8) to base 2.
-110100
Convert -40 (base 14) to base 16.
-38
What is 3 (base 14) in base 13?
3
Convert 112 (base 3) to base 12.
12
What is -2 (base 12) in base 3?
-2
-4 (base 14) to base 5
-4
Convert -b (base 12) to base 8.
-13
Convert 0 (base 14) to base 2.
0
16 (base 12) to base 2
10010
Convert -3 (base 10) to base 13.
-3
What is d (base 14) in base 3?
111
What is 5 (base 15) in base 13?
5
Convert -24 (base 14) to base 9.
-35
Convert -1a3 (base 11) to base 13.
-150
What is 20 (base 8) in base 15?
11
What is 1011101 (base 2) in base 16?
5d
What is 100 (base 2) in base 10?
4
Convert 122 (base 5) to base 4.
211
What is 4 (base 5) in base 6?
4
5 (base 16) to base 5
10
160 (base 9) to base 2
10000111
1a (base 16) to base 13
20
What is 100111 (base 2) in base 15?
29
-41 (base 6) to base 4
-121
2 (base 8) to base 4
2
What is -14 (base 10) in base 7?
-20
Convert -93 (base 16) to base 6.
-403
2 (base 5) to base 12
2
What is 1 (base 14) in base 16?
1
Convert 2 (base 7) to base 11.
2
-3 (base 8) to base 6
-3
What is -3 (base 10) in base 6?
-3
Convert 11 (base 8) to base 11.
9
50 (base 9) to base 7
63
-11 (base 7) to base 12
-8
What is -11 (base 2) in base 16?
-3
Convert -62 (base 14) to base 6.
-222
Convert 10 (base 2) to base 12.
2
-8c (base 15) to base 5
-1012
Convert -11 (base 9) to base 15.
-a
Convert -1120 (base 3) to base 4.
-222
Convert -2004 (base 5) to base 4.
-3332
-120 (base 3) to base 12
-13
What is 11211 (base 3) in base 15?
8a
Convert 7 (base 14) to base 7.
10
Convert 1312 (base 4) to base 10.
118
-20022 (base 3) to base 5
-1140
Convert 4 (base 16) to base 3.
11
Convert -145 (base 6) to base 2.
-1000001
-4d (base 14) to base 11
-63
-13 (base 10) to base 14
-d
-14 (base 5) to base 7
-12
-168 (base 11) to base 6
-523
What is -1065 (base 7) in base 16?
-186
-8 (base 11) to base 3
-22
What is 14 (base 11) in base 16?
f
What is 44 (base 10) in base 3?
1122
-1324 (base 5) to base 14
-114
Convert 22 (base 10) to base 11.
20
Convert -14 (base 14) to base 12.
-16
Convert 20 (base 4) to base 15.
8
What is 4 (base 14) in base 15?
4
60 (base 14) to base 5
314
What is 1 (base 4) in base 13?
1
What is -2122 (base 4) in base 11?
-130
6 (base 8) to base 3
20
Convert -a (base 11) to base 7.
-13
What is 113 (base 4) in base 16?
17
-25 (base 11) to base 10
-27
Convert -2121 (base 4) to base 13.
-ba
What is 14 (base 5) in base 9?
10
1303 (base 6) to base 4
11013
-4 (base 16) to base 15
-4
115 (base 9) to base 11
87
-1110 (base 2) to base 6
-22
Convert 22 (base 6) to base 13.
11
What is 26 (base 9) in base 11?
22
Convert -1 (base 11) to base 9.
-1
Convert -5 (base 12) to base 11.
-5
a (base 15) to base 11
a
What is 14 (base 14) in base 9?
20
Convert -130 (base 4) to base 10.
-28
33 (base 12) to base 5
124
What is 1020 (base 3) in base 5?
113
0 (base